- 0).
0
What is -2 + 3 + -3 + -5 + 1?
-6
Evaluate -2 + (-1 - 2 - -2).
-3
Evaluate 6 - 2 - 1 - 8 - -11.
6
What is -7 - (6 - (-4 - (-13 - -4)))?
-8
What is 0 + (-2 - (0 + (-6 - -4)))?
0
What is the value of (2 - 3) + (-2 + -5 - -2)?
-6
Evaluate 1 + (0 + 0 - (-24 + 23)).
2
Calculate 2 - ((-12 - -9) + (1 - 0)).
4
-2 + -1 + 4 + -1
0
-4 + (-1 - 0 - -8) + -5
-2
Evaluate -3 - 0 - (6 - 12).
3
-2 - (8 - (7 + -1))
-4
What is 1 + -3 + -2 + 8 + -8?
-4
Calculate 2 + -3 + (11 - 4).
6
Evaluate -4 + 10 + -6 + 2.
2
What is the value of 1 - -9 - (47 + -38)?
1
Evaluate -3 + -2 - (-3 + -1) - -2.
1
Calculate -1 + 3 - (6 + -8 + 4).
0
What is the value of 2 - (-4 + 0) - 9?
-3
Calculate 10 - (-17 + 12 - (-10 + 1)).
6
Evaluate -3 + (6 - ((0 - 2) + 3)).
2
What is the value of -1 - ((-2 - -5) + -10) - 3?
3
Calculate (0 - 5) + 3 + 7.
5
Calculate -1 + 5 + -5 + 6 + -4.
1
What is the value of -12 - (-5 - -2) - -5?
-4
0 - (-5 + 3) - (-5 + 2)
5
15 - (5 + 1 - (0 - 1))
8
What is -4 - ((-12 - -6 - -9) + -8)?
1
What is (6 - (0 - -4)) + -1 + -3?
-2
1 - (1 + (1 - 4)) - 6
-3
-2 + -3 - -3 - (0 - 1)
-1
Evaluate (-9 - -4) + 22 - 13.
4
What is the value of -1 + -2 + (1 - -2)?
0
What is 0 + -6 + -1 + 8?
1
-5 + 1 - (0 - 8)
4
What is the value of -23 + 9 + -4 + 14?
-4
Evaluate -85 + 81 - (0 - 7).
3
-1069 + 1064 - (1 - 0 - 12)
6
What is the value of 1 + (3 - 9) - -5?
0
4 + -1 + (7 - 5)
5
Calculate 6 - (1 - -1) - (-4 + 3).
5
What is the value of 84 + -77 + -15 + -1?
-9
Calculate -4 + (2 - 3) + 13 + -3.
5
Evaluate 5 + (-6 - 3) + 6.
2
What is the value of (0 - 7) + 24 + -20 + 3?
0
Evaluate 1 + -12 + 5 + 9.
3
14 - (2 + (-1 - (8 - 10)))
11
What is (-18 - -11) + -3 + 2 + 7?
-1
What is the value of (16 - 7 - 1) + -3 + -2?
3
Calculate (0 - 0) + (8 - (5 - -3)).
0
What is the value of -8 - 0 - (-33 - -32)?
-7
What is the value of -4 - (0 - -4 - (-3 - -7))?
-4
(-1 + 3 - (24 + -26)) + -6
-2
Calculate -3 + -1 + (4 - 8) - -4.
-4
-11 + -8 + 12 + 7
0
What is the value of 2 - (-3 - -4) - (11 + -10)?
0
-1 + 0 + (3 - 2)
0
Calculate -8 + (5 - 8) - (-3 + -3).
-5
What is (1 - 3 - -1) + 2 + -7?
-6
What is the value of 1 + -8 - (0 + (-16 - -9))?
0
What is the value of -4 + 1 + (-3 + 12 - 3)?
3
Evaluate (-5 - -7) + 3 + -1 + 1.
5
Calculate (-4 + 3 - -6) + -6 + 4.
3
What is the value of -2 + 8 + -3 - 6?
-3
0 - -6 - (-1 - (-2 - 1))
4
What is the value of (1 - (3 + 0)) + (18 - 11)?
5
Evaluate (11 - 12) + 1 + 2.
2
What is the value of -25 + 21 + 5 + 2 + -1?
2
What is the value of -51 - -49 - (1 + -6)?
3
Evaluate (-6 - -8) + -1 + -1.
0
-11 + (-3 - (-17 - 1))
4
What is (-4 - (-5 + 4)) + 4?
1
What is the value of 6 + 1 + -1 + 10 + -14?
2
What is the value of (12 - 17) + (5 - 3)?
-3
Evaluate (-1 - 2) + 3 - (38 - 36).
-2
What is 13 - 4 - (5 + 0 + -1)?
5
Calculate 3 - ((8 - 2) + 0) - -1.
-2
What is 2 + (-7 - (5 + -3))?
-7
What is 1 - (0 - -2 - 4)?
3
What is (-4 - 3) + 1 + 4?
-2
Evaluate 1 + 0 - -1 - (-29 - -29).
2
Calculate -4 + 0 + -5 + 2.
-7
Evaluate (4 - 9) + 6 + 2 + 0.
3
What is 0 - (-8 - -6) - -1?
3
What is 13 - (-9 - (4 + -21))?
5
What is (7 - (-3 - -3)) + -2 + -1?
4
Calculate (-11 + 3 - -20) + -10.
2
What is 6 - (6 + -4 + 4)?
0
Evaluate -2 + (-8 - 2) + 6 + 3.
-3
(8 - (2 + -1 - -2)) + -2
3
What is -7 + 2 + (0 - 13) + 25?
7
Evaluate 3 - 0 - (2 + 3).
-2
What is the value of 4 + (-3 - 6) - (-2 - 2)?
-1
What is 6 - 1 - 4 - 0?
1
What is the value of -20 - -13 - (-2 - 6)?
1
Calculate -5 + 0 + 15 + -4.
6
Evaluate -4 + 4 + -3 + (0 - -2).
-1
Calculate 11 + (-9 - (-8 - -4)) - 4.
2
Evaluate -2 - (-3 + 5 + 0).
-4
-6 + (-4 - 3 - -9)
-4
What is the value of (3 - 5) + 0 + 0?
-2
What is the value of 7 + 2 + -1 - 4?
4
Calculate (10 - 16 - -9) + 4.
7
What is the value of 0 + 0 - (2 - 2)?
0
What is (3 - (6 - 3)) + -1 + 4?
3
Evaluate -7 + 0 + 3 + 8 + 5.
9
1 + 4 + -7 + -1
-3
What is the value of 5 + -2 + -8 + 3?
-2
What is the value of (-11 - -7) + 2 + -3?
-5
Calculate (-3 - (-1 - -1)) + (7 - -1).
5
What is -1 - ((4 - (-2 + 1)) + -3)?
-3
Evaluate -9 + 4 + (0 - 4) + 4.
-5
What is the value of (-7 - -5 - -4) + (4 - 3)?
3
11 - (-1 + 19 + -7)
0
Calculate -3 + (14 - (8 + -2 - 2)).
7
What is -5 + 2 - (-4 + -6 - -6)?
1
What is the value of 79 + -73 + 1 + -1?
6
What is the value of -10 - ((4 - 3) + -6 - 2)?
-3
8 + -11 + 6 + 2
5
Calculate (0 - (3 + 0)) + 9 + -4.
2
Evaluate 0 + 0 + (-5 + 12 - 5).
2
What is 14 + -16 - (2 - 7)?
3
Calculate -27 - -26 - (1 - 3).
1
What is 3 + 3 + -4 + 1?
3
Calculate (7 - 1) + 23 + -27.
2
What is the value of -1 + (-6 - (1 + -1) - -2)?
-5
What is the value of -5 + 8 - 8 - 0?
-5
What is the value of (-9 - -6) + 12 + -3?
6
What is the value of -9 - (-2 + -10) - -2?
5
What is 3 + -4 + -12 + 5?
-8
Calculate (3 - (5 + -1)) + 7.
6
What is the value of (1 - 5) + 7 + -8?
-5
Evaluate -2 + (-1 + (1 - -1) - -5).
4
What is -3 - 1 - -9 - (15 + -7)?
-3
What is 1 + 1 + 8 + (-1 - 4)?
5
What is -1 + -3 + (-1 - -1)?
-4
-2 - (0 + -2 + -1) - -4
5
Evaluate (0 - 2) + -23 + 25.
0
7 - (-7 - -3 - -7)
4
Evaluate 2 + 5 + -29 + 21.
-1
What is the value of -24 + 22 + (2 + -1 - -3)?
2
-10 - (-1 - (-6 - -6 - -6))
-3
What is the value of 0 + -3 - 0 - -3?
0
Calculate (-4 - (-3 - 1)) + 0.
0
Evaluate 8 + -5 + (-3 - 11).
-11
Evaluate 3 + -9 + 8 + 2 + -6.
-2
What is the value of -1 - ((3 - 4) + (-4 - 0))?
4
What is -2 - (3 - (6 + -2)) - 3?
-4
What is the value of (-3 - -6) + -11 - -2?
-6
Calculate -3 - -6 - (-15 - -28).
-10
0 - (1 - 0) - (-13 + 8)
4
-1 + 3 - (3 + 2 + -2)
-1
What is 2 + 1 - (-4 - -4)?
3
16 + (3 - 17) - (-1 - -3)
0
Calculate -4 - (-2 - -8 - 8).
-2
What is the value of 3 - (2 + -3) - 9?
-5
-1 + -3 + (-1 - -5)
0
(-8 - -13) + (1 - (3 - 0))
3
Calculate -7 + -11 + 1 + 5 - -4.
-8
What is the value of (-5 - -1) + 1 - (0 + -3)?
0
Calculate -12 + -1 - (25 - 36).
-2
Calculate 10 - (-3 + 7) - -4 - 3.
7
What is (2 - 3) + 2 - -3?
4
Evaluate 2 - (-4 + (9 - (-4 + 8))).
1
What is the value of -1 + -4 - -7 - (0 + 1)?
1
11 + (-4 - 0) + 3 - 5
5
Evaluate 3 + (-4 - (-1 - 1)).
1
Calculate -4 - 7 - (0 + (-1 - 4)).
-6
Calculate 5 + -10 + 8 - -1.
4
Calculate -3 - (0 + -3 - 6).
6
Calculate 7 - (-1 + (0 - -3 - -4)).
1
What is (1 - (-1 - 2)) + -3 + -4?
-3
What is 6 + (5 - 17) + 5 + 1?
0
Evaluate (-7 - -9 - 3) + (-2 - 3).
-6
What is the value of -9 + (18 - 12) + 0 + 6?
3
What is 0 - -1 - (65 - 63)?
-1
What is -10 - -1 - (-8 + 6)?
-7
What is (8 + -2 - 10) + 2?
-2
Calculate 9 + -16 + 4 + 0 + 1.
-2
0 + 3 + (-6 + 3 - -2)
2
What is the value of -11 + 7 + 3 + 2?
1
Evaluate -2 - (-5 - -3) - -4.
4
What is the value of 3 + -2 - -4 - 0?
5
Evaluate -4 + (-1 + -8 - (-22 + 17)).
-8
Calculate 5 + -1 + -145 + 146.
5
-2 - (-3 + (2 - 5))
4
What is 8 - (3 - -9) - -5?
1
Evaluate 0 + -4 + 2 + (10 - 5).
3
What is -39 - -32 - (-1 + -1)?
-5
(5 - 1) + -11 + 2
-5
Calculate -1 - 2 - (-2 - 8 - -11).
-4
Evaluate -20 - -16 - (-1 - -5).
-8
What is the value of 2 - (4 + -1 - (4 + 0))?
3
What is 0 - 0 - (27 - 30)?
3
What is 8 - (2 - (7 + -8 - -1))?
6
(-2 - (-11 + 4)) + -1
4
1 + 3 - (-24 - -22)
6
Calculate -1 + (0 - 0) + (45 - 42).
2
What is the value of -3 + 2 + (-3 + -2 - -1)?
-5
Calculate -4 - (-3 + -4 + 5 + -2).
0
What is -4 + (-4 - (-6 - 3))?
1
Evaluate 8 + -1 + -69 + 56.
-6
2 + (-8 - -3) + 1 + 1
-1
Calculate -5 - (1 + (-4 - 0)).
-2
-3 + (3 - 2) - -7
5
Calculate (3 - (1 + -10)) + (8 - 14).
6
Calculate -1 - 2 - (18 + -30 + 2).
7
(29 - 19 - 4) + -12 + 1
-5
1 - (-1 - (-4 + 7))
5
What is 3 + -1 - (-1 - (1 + -1))?
3
What is the value of (-4 + -2 - -9) + (7 - 9)?
1
Calculate 0 + 1 + 1 + -2.
0
Evaluate (0 - -3 - 8) + 6.
1
What is -1 - (6 - 3) - (1 - 1)?
-4
What is the value of 7 - 6 - -6 - (8 - 0)?
-1
What is the value of (-1 - -9) + (-32 - -32)?
8
0 - 1 - (6 - -3 - 6)
-4
What is -2 + (1 - 0) + -2 + 4?
1
What is the value of 5 + (-5 - -7) + -5?
2
What is the value of 5 - (-1 - -4) - 6?
-4
Evaluate -4 + -1 - (6 + -21).
10
Calculate 33 - 40 - (1 - 0) - -1.
-7
What is -13 - -12 - -3 - 0?
2
What is 2 + (-4 - 1 - 2) + 4?
-1
What is the value of (1 + -14 - -7) + 5?
-1
(4 - (-6 - -12)) + (1 - 3)
-4
What is the value of 5 - (3 + -5 + 10 + -4)?
1
Calculate -3 + 7 + 4 - 0.
8
Evaluate 1 - (-5 + 3) - (-12 - -10).
5
Calculate -2 - (-1 - (-3 - -3 - -1)).
0
Calculate 8 + (-3 - 1 - -2).
6
Calculate (0 + -4 - -1 - -3) + 0.
0
What is the value of (-1 - 0 - 2) + (2 - 4)?
-5
-9 + (9 - (-2 - -9))
-7
What is 170 + -176 - (-